se
Is 64031 composite?
True
Is 1779 prime?
False
Is 13997 prime?
True
Is 34053 prime?
False
Is 296443 composite?
True
Is 257783 a composite number?
False
Is 544381 a composite number?
True
Is 8509 a prime number?
False
Is 269278 a composite number?
True
Is 8147 prime?
True
Is 1144103 prime?
True
Is 896015 composite?
True
Is 40211 a composite number?
True
Is 4441 prime?
True
Is 1364039 a composite number?
False
Is 3299 a composite number?
False
Is 225737 a composite number?
True
Is 54061 a composite number?
True
Is 8501 composite?
False
Is 10133 prime?
True
Is 236515 a prime number?
False
Is 18301 prime?
True
Is 64397 composite?
True
Is 40217 composite?
True
Is 14354 prime?
False
Is 86297 a composite number?
False
Is 35897 a composite number?
False
Is 64513 prime?
True
Is 58477 a composite number?
False
Is 3793 a composite number?
False
Is 46399 composite?
False
Is 13097 composite?
True
Is 5091 prime?
False
Is 23761 prime?
True
Is 1294321 prime?
False
Is 11777 a prime number?
True
Is 4359 a composite number?
True
Is 39397 a prime number?
True
Is 37691 prime?
True
Is 369007 a composite number?
False
Is 11383 a composite number?
False
Is 82981 prime?
True
Is 211443 composite?
True
Is 517651 a composite number?
True
Is 449723 prime?
False
Is 26777 a prime number?
True
Is 662729 prime?
False
Is 107527 a composite number?
True
Is 1397 composite?
True
Is 476831 a prime number?
True
Is 895 prime?
False
Is 876619 prime?
True
Is 258299 a composite number?
False
Is 401 composite?
False
Is 25989 a prime number?
False
Is 489271 composite?
True
Is 57151 composite?
True
Is 3829 prime?
False
Is 218249 composite?
False
Is 1234309 a prime number?
True
Is 173909 composite?
False
Is 5293 composite?
True
Is 862 composite?
True
Is 180871 prime?
True
Is 594121 a composite number?
True
Is 7807 a composite number?
True
Is 13253 composite?
True
Is 23509 a prime number?
True
Is 703 a composite number?
True
Is 540433 a composite number?
False
Is 1496449 composite?
True
Is 2271301 a prime number?
True
Is 6218 a composite number?
True
Is 4677 composite?
True
Is 10417 a prime number?
False
Is 144035 prime?
False
Is 88421 a prime number?
False
Is 16495 a prime number?
False
Is 481183 composite?
True
Is 32831 composite?
False
Is 199193 a composite number?
False
Is 20707 a composite number?
False
Is 105467 a prime number?
True
Is 577855 composite?
True
Is 26153 a composite number?
False
Is 105649 a composite number?
False
Is 696281 prime?
True
Is 1757 prime?
False
Is 20471 a prime number?
False
Is 98837 composite?
False
Is 4321 composite?
True
Is 331651 a prime number?
True
Is 21477 a prime number?
False
Is 613 prime?
True
Is 7993 prime?
True
Is 195311 a composite number?
False
Is 847383 composite?
True
Is 1837 a prime number?
False
Is 160903 a composite number?
False
Is 5265241 composite?
False
Is 15563 a prime number?
False
Is 22171 a composite number?
False
Is 139589 a composite number?
False
Is 3375499 prime?
True
Is 2099 a prime number?
True
Is 4237 composite?
True
Is 70729 a composite number?
False
Is 1010731 a composite number?
True
Is 40543 a composite number?
False
Is 4105 a prime number?
False
Is 2911 a prime number?
False
Is 8705 composite?
True
Is 24317 a prime number?
True
Is 7393 composite?
False
Is 32722 composite?
True
Is 139246 a prime number?
False
Is 120281 a prime number?
False
Is 132917 prime?
False
Is 37747 a composite number?
False
Is 5639 a composite number?
False
Is 1409 a composite number?
False
Is 184865 prime?
False
Is 1877071 composite?
True
Is 1164461 a prime number?
True
Is 641 composite?
False
Is 12757 a composite number?
False
Is 26473 prime?
False
Is 824437 composite?
False
Is 430381 composite?
True
Is 118981 composite?
True
Is 28429 a composite number?
False
Is 155191 a prime number?
True
Is 1047327 a composite number?
True
Is 77431 a prime number?
True
Is 8013 prime?
False
Is 90562 a composite number?
True
Is 240599 a composite number?
False
Is 506251 composite?
False
Is 544343 composite?
True
Is 43117 a composite number?
False
Is 77 a composite number?
True
Is 3163727 composite?
True
Is 6469 composite?
False
Is 1385 prime?
False
Is 734242 composite?
True
Is 158443 composite?
False
Is 1783129 composite?
False
Is 67057 a composite number?
False
Is 5807 composite?
False
Is 97771 composite?
False
Is 1257565 prime?
False
Is 378869 a composite number?
False
Is 23729 composite?
True
Is 37039 composite?
False
Is 176629 composite?
False
Is 24637 a prime number?
False
Is 792359 a composite number?
False
Is 552971 prime?
True
Is 911 a composite number?
False
Is 684007 composite?
False
Is 436061 a prime number?
True
Is 25163 a prime number?
True
Is 225149 composite?
False
Is 142887 a composite number?
True
Is 18779 a prime number?
False
Is 49007 prime?
False
Is 9169 a prime number?
False
Is 25703 a prime number?
True
Is 1232137 a prime number?
False
Is 11303 composite?
True
Is 30593 composite?
False
Is 246293 composite?
True
Is 98247 composite?
True
Is 2743 a composite number?
True
Is 10481 a composite number?
True
Is 181661 composite?
True
Is 2633 a composite number?
False
Is 8653 a prime number?
False
Is 66849 composite?
True
Is 57867 prime?
False
Is 2415287 composite?
True
Is 23789 a composite number?
False
Is 799 a composite number?
True
Is 9109 composite?
False
Is 36383 a prime number?
True
Is 44439 composite?
True
Is 21457 composite?
True
Is 13217 a composite number?
False
Is 4445153 a prime number?
True
Is 97711 composite?
False
Is 461641 a prime number?
False
Is 385807 a prime number?
False
Is 4421 composite?
False
Is 24991 prime?
False
Is 4409 prime?
True
Is 25997 a composite number?
False
Is 1235021 prime?
True
Is 374929 composite?
False
Is 215603 a prime number?
False
Is 180742 prime?
False
Is 20249 prime?
True
Is 757 a prime number?
True
Is 38897 composite?
True
Is 869 composite?
True
Is 590489 a composite number?
False
Is 221707 a composite number?
False
Is 92141 composite?
True
Is 159 composite?
True
Is 8501 composite?
False
Is 27103 prime?
True
Is 1001141 prime?
False
Is 203059 composite?
True
Is 52369 composite?
False
Is 11179 a prime number?
False
Is 19137 composite?
True
Is 630823 prime?
True
Is 414131 a composite number?
False
Is 13589 composite?
True
Is 11383 composite?
False
Is 88169 a prime number?
True
Is 481597 composite?
True
Is 799949 prime?
True
Is 17691 a prime number?
False
Is 1657 prime?
True
Is 27941 prime?
True
Is 426823 a composite number?
True
Is 3041 prime?
True
Is 67031 a prime number?
False
Is 104695 composite?
True
Is 27601 composite?
True
Is 958153 a prime number?
False
Is 237238 composite?
True
Is 1361 composite?
False
Is 6600211 a prime number?
True
Is 38345 a prime number?
False
Is 6449 a prime number?
True
Is 135781 prime?
True
Is 55921 a composite number?
False
Is 7367 composite?
True
Is 24761 a prime number?
False
Is 111809 a prime number?
False
Is 69931 prime?
True
Is 514145 a prime number?
False
Is 48553 prime?
False
Is 38027 prime?
False
Is 10193 composite?
False
Is 170377 a composite number?
True
Is 358 a prime number?
False
Is 297359 a prime number?
True
Is 5509 a composite number?
True
Is 33739 prime?
True
Is 4355363 a prime number?
True
Is 251 composite?
False
Is 11113 composite?
False
Is 23719 a composite number?
False
Is 1179317 a prime number?
True
Is 227251 composite?
False
Is 86069 a composite number?
False
Is 5815 a composite number?
True
Is 16273 composite?
False
Is 686513 prime?
True
Is 13781 a prime number?
True
Is 61689 prime?
False
Is 1461 prime?
False
Is 21205 prime?
False
Is 63695 prime?
False
Is 96709 prime?
False
Is 1179241 composite?
True
Is 2245 composite?
True
Is 27659 a prime number?
False
Is 1371757 composite?
True
Is 1907 composite?
False
Is 69899 a composite number?
False
Is 185869 a composite number?
False
Is 487919 composite?
True
Is 358693 composite?
True
Is 147919 a prime number?
True
Is 3907 composite?
False
Is 107591 a prime number?
False
Is 548323 prime?
True
Is 196733 a composite number?
True
Is 35759 a composite number?
False
Is 3307831 a composite number?
False
Is 53113 a composite number?
False
Is 175481 a prime number?
True
Is 14489 prime?
True
Is 223 composite?
False
Is 44159 a composite number?
False
Is 49243 composite?
True
Is 1372357 a composite number?
True
